5)*-5. Suppose 4*a + 57 = b. Suppose 4*y - 4*q = 64, 6*q = y + a*q - 8. What is the remainder when y is divided by 1?
0
Let m = -165 + 240. Suppose 3*o - 4*i - m = -7*i, -o = 2*i - 30. What is the remainder when o is divided by 16?
4
Let g(i) be the second derivative of i**4/12 + 11*i**3/3 + 129*i**2/2 + 69*i. Calculate the remainder when g(-9) is divided by 10.
2
Suppose -2*y - 4*r - 1193 = -5*y, 0 = 2*y - 5*r - 793. Suppose -4*i + 5*i - y = 0. Calculate the remainder when i is divided by 37.
29
Suppose -5*b + 438 = -1360*p + 1361*p, 5*p - 3*b = 1994. What is the remainder when 414 is divided by p?
11
Let b be 7 + -2 + -4 + -1. Calculate the remainder when 36 is divided by (28 - 14) + (3 - (5 - b)).
0
Let f(r) = -42*r - 81. Let d be f(-6). Calculate the remainder when 68 is divided by 6/(d/(-63) + (-3)/(-1)).
5
Suppose -19 = 6*d - 55. Let m(v) = -37*v + 1. What is the remainder when (-8)/d*3 + -4 + 155 is divided by m(-1)?
33
Suppose 0 = -y - 186 + 189. Suppose 5*b - 71 = -y*l, 6*b - 92 = -4*l + 2*b. What is the remainder when 261 is divided by l?
19
Suppose 1134 = -15200*t + 15227*t. Let z = 2 + 32. Suppose -4*v + 38 = 2*l - 0*l, 2*v = 4*l + z. What is the remainder when t is divided by v?
9
Suppose -113*n + 7568 = 114*n - 216*n. What is the remainder when n is divided by 89?
65
Suppose o - 14 = z, -3*z - 33 = -5*o + 29. Let m = -150 + 227. Calculate the remainder when m is divided by (208/(-20))/(36/o + -4).
25
Suppose 15 = -46*g + 49*g. Suppose 4*h + t - 77 = -2*t, 0 = g*h + t - 110. Calculate the remainder when 202 is divided by h.
18
Let r = 4391 + -4365. What is the remainder when 150 is divided by r?
20
Let v(w) = -w**3 - 2*w**2 - 11*w + 21. Let g be v(4). Let i = g + 136. What is the remainder when 237 is divided by i?
16
Let j = 1647 + -1697. Suppose -122 = -o - 47. Let k = j + o. What is the remainder when 74 is divided by k?
24
Let q = -1582 + 2303. What is the remainder when q is divided by 51?
7
Let f(u) = -u**3 - 277*u**2 + 1420*u + 2835. Calculate the remainder when ((-1)/2)/((-2)/596) is divided by f(-282).
14
Suppose -21931 = -10*j - 21761. What is the remainder when 2444 is divided by j?
13
Let j(k) = -2*k**3 - 4*k**2 - 13*k - 11. Let o be j(-5). Let y = o + -195. What is the remainder when 24 is divided by y?
6
Suppose 117 = -v - 6*v + 467. Let d = 254 - 55. What is the remainder when d is divided by v?
49
What is the remainder when 552 is divided by 3/(-21) - 77748/(-532)?
114
Let u = -88 - -123. Let l(f) = -2*f**3 + 3*f**2 + 59*f + 3. Let x be l(-6). Suppose -2*i + x + 19 = 0. Calculate the remainder when i is divided by u.
34
Let j = 2059 + -2024. Calculate the remainder when j is divided by 2527/171 + (-2)/(-9).
5
Let j = 1026 - 992. Calculate the remainder when 74 is divided by j.
6
Suppose -2*g - 2*x = -6*x - 70, -5*g - 5*x = -160. Calculate the remainder when 158 is divided by g.
26
Suppose -2*z = -60 + 14. Let p(q) = q**2 - 13*q - 474. What is the remainder when p(-18) is divided by z?
15
Let o = -8 + -1. Let a be 6*(-8)/(-12) + 2. Calculate the remainder when 320/a + 3/o is divided by 14.
11
Let x(a) = 11*a**2 + 3*a - 7. Suppose -10*h + 5*h = 20. Calculate the remainder when x(h) is divided by 20.
17
Let d(b) = -b**2 - 74*b - 30. What is the remainder when 182 is divided by d(-72)?
68
Suppose 565 = 90*w - 1235. What is the remainder when 235 is divided by w?
15
Let d = 3443 + -3415. Suppose -441 - 59 = -5*z. Calculate the remainder when z is divided by d.
16
Suppose 5*x + 8 - 23 = 0. Let a = 875 + -703. Suppose x*r = 2*r + 3*j + a, 2*r - 2*j = 364. What is the remainder when r is divided by 38?
35
Suppose -154 = -4*a + 2*a. What is the remainder when a is divided by 550/23 + ((-42)/(-1288))/((-6)/(-16))?
5
Suppose 5*z - 4*u - 3530 = -117, 0 = 5*z - 3*u - 3411. Let o = -677 + z. What is the remainder when 78 is divided by o?
2
Let x = 54 + -45. Suppose 65 = -4*b + x*b. Suppose -954 = -b*q + 4*q. Calculate the remainder when q is divided by 18.
16
Let s = 129 - -6. Let h = 156 - s. Calculate the remainder when 29 is divided by h.
8
Calculate the remainder when (147981/(-9681))/((-2)/14) is divided by 4/(-18) - (-58)/18.
2
Let f be (-32936)/(-48) - (-15)/18. Suppose -2283 = -30*n + f. What is the remainder when n is divided by 5?
4
Let a be 5 - (-6 + 12 - -493). Let h = a - -515. Calculate the remainder when 225 is divided by h.
15
Let r = 40 - 39. Suppose 2*p = 2*t + 7 + r, 36 = 4*p + t. Calculate the remainder when 24 is divided by p.
0
Let w be ((-2442)/(-24))/(-11) - 1/(-4). Let n(v) = 3*v**2 + 4*v**2 + 4*v**2 + 8*v - 5 - 10*v**2. Calculate the remainder when n(w) is divided by 3.
1
Suppose -84 = -20*l + 13*l. Suppose 4*a - 185 = 5*h, 31*a = 28*a + 5*h + 140. What is the remainder when a is divided by l?
9
Suppose 522*a + 118404 = 729*a. What is the remainder when a is divided by 7?
5
Suppose -4*v - 29 = -m + v, -v - 40 = -4*m. Suppose 7*p + 2*p = -m. What is the remainder when -4 + (p - -73) + 0 + -1 is divided by 14?
11
Suppose -5*l + 2*o = -637, 4*l = -l - 2*o + 653. Let d = -51 + l. Calculate the remainder when 387 is divided by d.
75
Let b(s) = -1. Let u(j) = 9 + 1 - j**2 + 4*j - 1. Let t(c) = b(c) - u(c). What is the remainder when 84 is divided by t(8)?
18
Let r be 7/21*9 - -3. Suppose -217 = -r*q - 61. Calculate the remainder when (0 + 2)/(4/202) is divided by q.
23
Let v(n) = -n**3 - 17*n**2 + 18*n + 16. Suppose -3*z + 17 = 71. What is the remainder when 77 is divided by v(z)?
13
Calculate the remainder when 11*(-2)/(-165) - (-3416)/30 is divided by 59.
55
Suppose -4*c = -b - 0*c + 171, -887 = -5*b + 4*c. Let n = b + -150. What is the remainder when n is divided by 16?
13
Suppose 13*g + 31*g - 28776 = 0. What is the remainder when g is divided by 55?
49
Let n be (-12495)/(-25) - 2/(-10). Suppose 250*o - 266*o - 192 = 0. What is the remainder when 1/(3/o + n/1936) is divided by 31?
28
What is the remainder when 832 is divided by (-33)/(726/(-88)) - -156?
32
Let i(h) = -2*h**2 + 11*h + 3. Suppose 80*u - 200 - 112 = 328. Calculate the remainder when u is divided by i(5).
0
Let q = 157 + -41. Let l be (6 - 6)/(-6)*(-1)/(-1). Suppose u + 4*u - 187 = 2*p, 4*u - 5*p - 136 = l. What is the remainder when q is divided by u?
38
Let i be (-29)/10 + (-12)/120 - -22. Let u(k) = -k**2 + 14*k + 127. What is the remainder when 189 is divided by u(i)?
29
Suppose 0 = 32*x - 37*x + 90. Let g(z) = 15 + 2*z**2 + 3*z**3 + 6*z - x - 3*z**2 - 2*z. Calculate the remainder when 11 is divided by g(1).
2
What is the remainder when 708/(-12)*(1 - -3)*(-216)/16 is divided by 1058?
12
Suppose 565 = 6*f - f. Let l(h) be the third derivative of 25*h**4/24 - 53*h**3/3 + 101*h**2. Calculate the remainder when f is divided by l(5).
18
Let s(j) = -2*j**3 + j**2 - 5*j + 424. Calculate the remainder when s(0) is divided by 71.
69
Let d(o) = 1330*o + 10. Let m be d(-1). Calculate the remainder when 165 is divided by (10/(-8))/(3*10/m).
0
Let x(m) = 13*m**2 - 2*m + 6. Let v be x(3). Suppose -s - 38 = -2*s. Let f = v - s. What is the remainder when f is divided by 20?
19
Let a(j) = -8*j - 27. Let t(n) = 31*n + 108. Let s(w) = -9*a(w) - 2*t(w). What is the remainder when s(3) is divided by 3?
0
Let n be (-28)/140 - (2 - (-82)/(-10)). Suppose 11*y = n*y + 70. What is the remainder when 60 is divided by y?
4
Let s = 617 - 4. What is the remainder when s is divided by 120?
13
Let m = 5245 + -5128. Calculate the remainder when 372 is divided by m.
21
Let s = 1 - -11. Let l be 3*8/(-4)*4. Calculate the remainder when (159/4)/(l/(-64)) is divided by s.
10
Let w(f) = 46*f**2 - 143*f - 698. Calculate the remainder when w(-5) is divided by 71.
31
Let f = 213 - 195. Suppose -f*b + 20*b = 120. Calculate the remainder when b is divided by 34.
26
Let n be (-4)/6 + 9233/21. Let j = -241 + n. What is the remainder when j is divided by 20?
18
Let w = 117 + -48. Let v(t) be the third derivative of t**5/30 + t**4 + 5*t**3/3 - 9*t**2. What is the remainder when w is divided by v(-12)?
9
Let i = -32 + 32. Suppose 13*r - 6*r - 35 = i. Suppose -z - 571 = -2*w - 3*w, 5*w - 575 = r*z. Calculate the remainder when w is divided by 29.
27
Let l = 155 + -18. Let h = 490516 + -490472. Calculate the remainder when l is divided by h.
5
What is the remainder when ((-16)/((-